alse
Suppose 235609 = 3*t + 4*j, 61595 + 174000 = 3*t + 2*j. Is t prime?
False
Let m = -71 - -65. Let o(h) = 118*h + 32. Let n(i) = -39*i - 11. Let t(c) = -11*n(c) - 4*o(c). Is t(m) a composite number?
False
Suppose 0 = 8*v - 293305 - 472063. Is v composite?
True
Let w(h) = 12*h**2 - 9*h + 5. Suppose 3*k - 25 - 20 = 0. Let i be w(k). Suppose -1279 = -2*g - 0*l + l, -4*g = 2*l - i. Is g composite?
False
Suppose 3*q - 2*q - 2 = 0. Suppose 1446 = 3*x - 3*m, -q*x + 979 = m + 2*m. Suppose -7*u + x = -1328. Is u a prime number?
False
Let f(a) = 6595*a + 5509. Is f(18) a composite number?
True
Suppose -131*c = -146050 - 1357437. Is c prime?
False
Let x be (-1 - (-2 + 2))*(-125810)/10. Let n = x + -5767. Is n a composite number?
True
Is (-27 + 90 - 64) + 1/1 + 1316999 a prime number?
True
Is 970063 - (-25 - (-37 - 8)) a composite number?
False
Suppose -4 = -2*k + 2*z + 4, 0 = -3*k - 3*z + 30. Suppose -3*j + 2*o + 12263 = 0, k*o - 12*o + 16389 = 4*j. Is j prime?
True
Suppose -16*a - 604870 + 154705 = -4552677. Is a a composite number?
True
Suppose 603619 = 2*q + 4*z - 795323, 2*z + 2797844 = 4*q. Is q a composite number?
False
Suppose 2*b - 4*g = 4 - 30, 3*b + 5*g = 16. Let n(s) = -9964*s + 91. Is n(b) prime?
True
Suppose 2*a - 3*m = 4736, -15*m = -11*m - 8. Is a prime?
True
Suppose -a - 378844 = -7*d, -17*d = -15*d + 5*a - 108257. Is d a composite number?
False
Let j be (-16)/(4 - -4) - -610. Let u = j + 173. Is u prime?
False
Let u = 7 - -6. Suppose -4 = -b, -3*a - 4*b + 2 = -44. Suppose a*k + 597 = u*k. Is k a composite number?
False
Suppose -5*m - 149 = -5*u - 5689, -3*m + 2*u = -3324. Let s = 2455 - m. Is s composite?
True
Let t = -93 - -98. Let x(w) = -21*w**3 - 9 + 8 + w - t*w**2 + 340*w**3. Is x(2) a prime number?
False
Let u(n) = -n**2 + 6*n - 6. Let c be u(4). Suppose -6320 - 147 = -3*y + c*l, -y - 5*l = -2184. Is y prime?
False
Let n(r) = -428*r + 5. Let g be n(1). Let s be (-1)/(-4) + g/(-36). Let m(u) = 8*u**2 + 18*u - 7. Is m(s) prime?
True
Let c(t) = -2*t - 4. Let k be c(1). Is k/2*(-2849)/21 prime?
False
Suppose 5*v = -7282 - 2073. Let b = v + 898. Let c = -359 - b. Is c prime?
False
Let l(t) = -2580*t + 120. Let r be l(-1). Let n(j) = -193*j**3 + 3*j**2 + 2*j - 1. Let z be n(-2). Let p = r - z. Is p a composite number?
True
Let w = -57 - -128. Let b = w + -71. Is 899 - ((-1 - (2 - b)) + 1) a prime number?
False
Let v be (-1)/(3*(-5)/45). Suppose -i + 512 = y, 0*y - v*i - 1009 = -2*y. Is y prime?
True
Let h(v) = -4*v**2 - 14*v - 10. Let z = -67 - -79. Let y be h(z). Let n = -123 - y. Is n composite?
False
Suppose -657515 = -25*m + 287341 + 121169. Is m a composite number?
False
Let f(o) = -o**3 - o**2 + o + 2395. Suppose 0*x + 2*x = 3*x. Is f(x) a prime number?
False
Suppose 34*i = 7049339 - 1662277. Is i a composite number?
False
Let r(g) be the second derivative of -g**5/20 - g**4/6 + g**3/6 - 3*g**2 + 16*g. Let q be r(-3). Is (-6)/(-6)*1087*(1 - q) a composite number?
False
Let t(u) be the second derivative of 5*u**4/12 + 2*u**3/3 - 11*u**2 + u. Let q be t(11). Suppose 5*f = 2078 + q. Is f a composite number?
False
Suppose 125423 = 3*x - 4*y, y = 4*x + 1145 - 168380. Is x composite?
False
Suppose 242*r - 243*r - 5 = 0, 5*q - 139750 = -3*r. Is q a composite number?
False
Is (-1)/(-5 - (20/(-427762)*235269 - -6)) prime?
True
Let v(m) = -24*m**3 + 14*m**3 + 2 + m + 9*m**3. Let d be v(-1). Suppose 5*s - 5*w = 370, -2*s + 296 = 2*s - d*w. Is s composite?
True
Suppose 7 = 2*u + 1. Suppose -4*j + u*j + 5 = 0. Suppose 0 = -m - 5*y + 1017, 2044 = 3*m - m + j*y. Is m a composite number?
True
Let y = -16303 + 39483. Suppose -5*f - 3*u + y = -17426, -16250 = -2*f - 5*u. Let i = -5223 + f. Is i a composite number?
False
Suppose -71*x = 124974 - 1269991. Is x a composite number?
False
Let k(f) = 4*f - 32. Let r be k(8). Suppose 14*l - 15*l - 2*z + 23453 = 0, 5*l + 3*z - 117272 = r. Is l a composite number?
True
Let x = -157671 - -396442. Is x composite?
True
Let r = 13246 + -8169. Is r prime?
True
Suppose 4*i + 6 = -u + 22, 2*i - 6 = 0. Suppose -u + 0 = -g. Suppose -g + 198 = n. Is n composite?
True
Suppose 7*i - 497024 = -29571. Is i prime?
False
Let p(c) = -c**2 + 19*c - 14. Let a be p(18). Is 2591/a*(91 - 79) composite?
True
Suppose 0 = 344*h - 343*h - 3, -x - 3*h = -60760. Is x composite?
True
Suppose 8 = -2*g, -2*g + 417148 = 81*d - 77*d. Is d prime?
False
Suppose -5*d - 5*g + 27880 = 0, g + 7580 = 4*d - 14704. Suppose -5*f = -h + 5542, 0*h + h + f = d. Is h a prime number?
False
Suppose 5*f + 23 = 53, -16438 = -4*p - 3*f. Is p composite?
True
Let q(t) = t**3 + 6*t**2 + 3*t + 9. Let u be q(-6). Let j(m) = -528*m + 15. Let g be j(u). Suppose -11*i + g = -8*i. Is i a composite number?
True
Let q(x) = 38 - 51*x + 270*x + 175*x + 323*x. Is q(7) a prime number?
False
Is 241306/(-26)*(2 + -3)*5 a composite number?
True
Suppose 95*a + 1244957 - 6383412 = 0. Is a a prime number?
False
Suppose 391511 = 5*m - 3*k, m + m = 5*k + 156612. Is m prime?
True
Let l be 1 + (-2 - 1) + -7 + 11. Suppose 3*h + 2*s + l*s = 32, 2 = -2*h + 2*s. Is h/18 - (11248/(-9) + 1) composite?
False
Is (6370/4 - 2)*15/(165/374) prime?
False
Suppose -569137 = -2*c + 497217. Is c prime?
True
Let a(d) be the third derivative of 53*d**6/120 - 7*d**5/30 + 19*d**4/24 + 17*d**3/6 - 21*d**2 + 3*d. Is a(8) prime?
False
Let j(n) = 45*n - 19 - n**3 - 8*n**2 - 17*n + n**2. Is j(-20) composite?
False
Let g be 1 + (-39)/(-26) + 1/2. Is (-1 - 0)*(-1470 - g - -2) a composite number?
False
Let m(p) = -p**3 - 7*p**2 + 2. Let i be m(-7). Suppose -i*g + 5389 = -777. Suppose -f + 672 = -g. Is f prime?
False
Let n(d) = -38 + d + 24*d**2 + d + 33 - 10*d. Is n(6) prime?
True
Suppose 493*t - 530*t = -403189. Is t a prime number?
False
Suppose -2*x - 2714 = p + 2*p, 4*x = 3*p - 5428. Let g = x - -2606. Is g composite?
False
Let o(s) = -2*s**2 + 44*s + 3. Let d be o(22). Suppose 0 = x - b + 3*b - 31981, 3*x - 95988 = d*b. Is x a prime number?
True
Suppose o - 37 = -3*c - 0*o, 0 = -c - 2*o + 4. Suppose x = f + 6, 0 = 5*x + f - c - 4. Suppose x*m - 168 - 316 = 0. Is m composite?
True
Let u(t) = 2*t + 14. Let p be u(-5). Let f be (2/p)/((-4)/(-56)). Let s(j) = -2*j + 37. Is s(f) a composite number?
False
Suppose -4*v = -2*q, 3*q - 2*v + 21 = 9. Let s(p) = 15*p**2 + 2*p + 9. Is s(q) composite?
True
Let t be 35113/2 - (-6)/(-4). Is (56/(-120) - 4/(-6))*t prime?
True
Let w(i) = -i. Let u(b) = -10*b. Let o(g) = -2*u(g) + 22*w(g). Let l be o(0). Suppose l = 2*x - 229 - 409. Is x a composite number?
True
Suppose -12*b = -19*b + 711*b - 360897856. Is b prime?
False
Is (-9*(-12953264)/(-48))/((5 - -1)/(-2)) prime?
True
Suppose 23915 + 44550 = 5*z. Let i = z - 6852. Is i a composite number?
False
Let o = -10340 + 6709. Let r = o - -5964. Is r a composite number?
False
Suppose -c = -3*c + 18. Let z(q) be the second derivative of -q**4/12 + 3*q**3 - q**2 + 12*q - 2. Is z(c) a prime number?
True
Suppose 24*c - 5 = 43. Is (-796377)/(-21) + (c - 60/35) a prime number?
False
Let p be (-16 + 14)*(-1 + -1179). Let y = 164 - p. Let f = y - -3847. Is f a prime number?
False
Suppose 0 = -5*k - 15, -5*y - 2*k + 3 = 154. Let z = 43 - y. Suppose 2*m + z = 934. Is m a prime number?
True
Suppose -25*u + 7438 = x - 26*u, 4*x - 2*u = 29746. Suppose -i = h - x, -10*i = -4*h - 7*i + 29726. Is h a prime number?
True
Let j(x) = 11486*x**2 + 11*x + 21. Is j(-2) a composite number?
False
Suppose 7*p = -4*x + 2*p - 12, -x = -p - 6. Suppose 19509 = 4*j - j + x*l, -19509 = -3*j + 5*l. Is j a prime number?
False
Let i be 5/2 - 105/70. Is (5945 - 3) + (i - 4) a prime number?
True
Let c(f) = 8*f**2 + 6*f + 2. Let l be c(-2). Is 91465/l*6/3 a composite number?
True
Let t = 4308 - 4305. Let h(d) = 90*d - 5 - 2 - 23*d. Is h(t) a composite number?
True
Suppose -61*f + 62*f - 4*h = 74, f + 5*h = 65. Is (-20)/f - 353037/(-21) prime?
True
Let s(z) be the first derivative of 25*z**4 - z**3 + 2*z**2 - 16*z - 62. Is s(3) composite?
True
Suppose a - 282253 = -93*z + 91*z, 5*z + 15 = 0. Is a prime?
False
Let o be 5/15 + 55/15 + -1. Suppose -1949 = 2*f + 4*v - 5123, -o*f + 4783 = -5*v. Is f a prime number?
False
Suppose 2*k - 20 = -r - 0*k, -5*r = -5*k - 40. Suppose -3*d + 1350 = 2*u + u, 3*u = r. Is d composite?
True
Let g = -213 + 234. Suppose 6*u - g*